- 7)
5
Evaluate 121 + -134 - (-5 - (0 - -1 - 2)).
-9
What is the value of 186 - 143 - (1 + 55)?
-13
Calculate 15 + 0 + 5 - ((-13 - -2) + 9).
22
3 + -24 + 5 - -16
0
What is the value of (-6 - -16) + 4 - 6?
8
Evaluate 11 + 1 - 2 - 20 - -19.
9
197 + -206 + (0 - (0 + -4) - -6)
1
What is the value of (73 - 86) + (8 - 1 - 1) - 3?
-10
Calculate (2 - -6) + (8 - (17 + 10)) + 45.
34
-5 + -6 + 6 + 36 + -12
19
What is 8 + (8 - 13 - -11 - 21)?
-7
What is the value of 2 + -23 + 42 - -14?
35
Evaluate 18 + 20 + -54 - -15.
-1
What is the value of -19 - (-9 + 16 + -33)?
7
What is -4 - (-18 + 1 - (1 + -10))?
4
Calculate 20 + 14 + -35 - 23.
-24
What is -1 + (14 - (3 + 14))?
-4
What is -7 + (3 - -6 - 4) + (-1 - 0)?
-3
What is (-644 - -637) + -6 + -1?
-14
Evaluate (6 - (1 - 3)) + 6 + 6 + -3.
17
Evaluate -23 + (-34 - (36 + -60)).
-33
-4 - 3 - (-26 + 16)
3
-38 - 7 - -34 - (-20 - 1)
10
-2 + (12 - (7 + (-3 + 2 - 1)))
5
What is the value of 20 - (-33 + 33 + 18)?
2
75 + (-45 - 19) + (-1 - 29 - -2)
-17
What is the value of (-2 - (-1 - -3)) + (-69 - -63) + -11?
-21
Calculate 12 + 27 + -20 - 37.
-18
Evaluate 1 - (-1 - 3 - 6) - 2.
9
Evaluate (-14 + 1 - 0) + 24.
11
What is -3 - ((-8 - (6 - 18)) + -1)?
-6
1 + 0 - ((19 - 19) + 4)
-3
2 - -3 - (-507 - -511 - (-1 - -9))
9
0 + 0 + 5 + (31 - -46) + -80
2
Calculate 10 + -16 + -9 + 2 + -2 + 4.
-11
Evaluate 7 + -1 + 5 + -3 + 2.
10
What is the value of -4 - (-4 + -19 - -4) - (8 - 2)?
9
Calculate -6 - 4 - -6 - 1 - -7.
2
Calculate 3 + (17 - -43) - 37.
26
Calculate -3 - (-1 - -5 - -5 - 23).
11
What is (-30 - -4) + 40 - ((4 - 2) + 1)?
11
-44 + (-32 + 51 - -6)
-19
-1 + 30 - (15 + (2 - 9))
21
What is 5 + (1 - -2) - (27 - (-1 + 1))?
-19
Evaluate 16 + 1 + -20 + 21 + -9.
9
What is the value of (-4 - -2) + (-15 - -18) + (5 - 0)?
6
8 - (0 + -5) - (-17 + (-3 - -11))
22
(-10 - (-2 + -18)) + (-9 - -2)
3
-104 + 101 - (-21 + 4)
14
What is the value of (7 - 2 - -4) + -3 + (6 - 3)?
9
Evaluate 2 + (-22 - 18) + 22.
-16
What is the value of -16 + (1 - 12) + 37?
10
What is 1 - 5 - (-27 + (23 - 10))?
10
Calculate 8 - (-8 + 9 + -10 + 2).
15
What is -2 + 2 + (24 - 17)?
7
(-5 + -6 + 6 - -2) + 14 + -8
3
What is the value of 2 - (15 + 1) - (-1 - 16 - -12)?
-9
What is the value of -18 + 25 + -33 + -7?
-33
59 - 66 - (6 - 8 - 5)
0
5 - (5 + (-1 - -3) + (25 - 28))
1
What is the value of 3 + (-2 - -2) - (-960 + 977)?
-14
Calculate 16 + (3 + -2 - -6) + (27 - 38).
12
What is the value of (-237 - -255) + (1 - 3 - 5)?
11
Evaluate (-6 - (7 - 8)) + 2 + 5 - -9.
11
What is the value of -11 - ((0 - 4) + 1) - -2?
-6
What is the value of 0 - 5 - (-10 + (-1 - 0) - -2)?
4
Calculate 12 - (9 - -14 - 23).
12
What is -1 + 0 + -4 + 4 - (19 - 44)?
24
What is -20 + 27 + (-2 - -18)?
23
2 + 4 - (316 + -290)
-20
What is (-2 - (0 - 7 - (-15 - -8))) + 13?
11
Evaluate -98 - -69 - (0 - 9).
-20
Calculate 5 + (27 - -6) + -18.
20
Calculate -1 - (15 + 0 + -5).
-11
(-5 - (-14 - -2)) + (9 - 17)
-1
Calculate (129 - 145) + (10 - -1).
-5
-7 - -4 - (-2 + (-3 - (2 - 8)))
-4
Evaluate (-1 + 1 + 0 - -3) + 56 + -52.
7
What is the value of -13 - (-2 - 0) - (3 + 4 - 47)?
29
Calculate 36 + -32 + 23 + -42.
-15
What is -18 + 8 - (4 + -38)?
24
(-26 - (5 - 14)) + 2 + 7
-8
What is -16 + (-1 - -50) + (-415 - -406)?
24
What is 3 + (9 - (0 - -8)) - 10?
-6
What is 8 + (2 - (-8 - -14)) + 8 + -9?
3
-12 + (-13 - 8) + 26
-7
What is -14 + 32 + (3 - (-13 - -15))?
19
-5 + (1 - -2) + -26 + 25 + 2
-1
1 - (2 + (-7 - 4 - -8))
2
Calculate -95 - -78 - (2 + -18).
-1
What is the value of (-5 - 8 - (41 - 35)) + 1?
-18
What is (-2 - -4 - 25) + -6 + (-4 - -13)?
-20
What is -3 - ((16 + -9 - -9) + -8)?
-11
Evaluate (-5 - -10) + 0 - 21.
-16
What is the value of (1339 - 1290) + 0 + -65?
-16
Evaluate -128 - -128 - (-23 + 3 + 0).
20
Calculate (-15 - (24 + (-88 - -14))) + (-3 - 1).
31
Evaluate -2053 + 2067 + 0 + -1 + -27.
-14
8 + 1 + -16 - 2 - 4
-13
What is the value of (-17 - -25) + -25 + (5 - (-3 - 3))?
-6
What is -1 - (-10 - (-6 - 5)) - -3?
1
-33 + 15 + 37 - (1 - 1)
19
Evaluate -24 - (-34 - -16) - (0 + 4).
-10
What is 38 + -29 + -15 + 2?
-4
What is the value of -42 + 31 + -6 - -38?
21
-61 + 63 + (2 - 1 - -1 - 16)
-12
-3 + (2 - -17) + (153 - 163)
6
What is the value of (48 + -98 - -37) + (-1 - -23)?
9
-2 - (-7 + 5) - 11
-11
Evaluate 4 - (-1 + 2) - -12 - 3.
12
What is -11 - (-30 + 1 + 11)?
7
What is the value of -69 + 29 + 18 + 13?
-9
What is the value of 0 + -17 + -84 + 80?
-21
What is (13 + -7 - 7 - (-1 + -14)) + -2?
12
Calculate -20 + 8 + (4 - -13) + -13.
-8
Evaluate (2 - (-2 - -17)) + (1 - -25).
13
What is the value of 8 + 0 + (-86 + 37 - -53)?
12
Evaluate 6 + -13 + -9 + (0 - -24).
8
What is the value of 14 + (-37 - (-29 + 17))?
-11
(-1 - -1) + (1 + 7 - 13)
-5
2 + 2 - (50 + -40) - -15
9
4 - (15 + (10 - (6 + 11)))
-4
What is the value of 42 + -36 - (-5 + 22 - (1 + 0))?
-10
Evaluate -71 - (21 - 88) - (1 + 12).
-17
Calculate (-25 - -8 - -10) + -54 + 34.
-27
What is -32 - (-1 + 5 + -31 + 32 - 3)?
-34
What is 9 + 4 + 13 + -26?
0
What is 3 - -2 - (2 + (-1 - 0)) - 17?
-13
What is (17 - -16) + -1 + -15?
17
What is the value of -13 + 1 + 0 + -22 + 10 + 17?
-7
What is -2 + (-2 + 0 - (-47 - -36))?
7
Evaluate (7 - 1) + 2 - (-10 + 9).
9
What is the value of 719 - 703 - (18 + 0)?
-2
Calculate 24 - (41 + (-39 - -29)).
-7
Evaluate (-5 - (-19 - -3)) + 9 + 4.
24
Evaluate 1 - (4 - (2 + -5 - -2 - -1)).
-3
Calculate (37 - 26) + -6 + -25.
-20
Calculate (12 + -5 - (3 - -4)) + -17.
-17
What is -25 + (-13 + 21 - -18)?
1
What is 3 - ((16 - 31) + 5)?
13
Calculate (35 - 44) + 21 - (-3 - -1).
14
Evaluate 1 - (55 + -57 + (2 - -2) + 2).
-3
What is the value of -46 - (-16 + (16 - 31))?
-15
-7 + -2 + 3 + (-1 - -1)
-6
What is -30 + (59 - 45) + 2 + 11?
-3
What is 7 + 3 + (73 - 94)?
-11
What is 13 + 11 - 16 - (-20 - -8)?
20
What is the value of 6 + -7 - (-10 - 3)?
12
1 + (-17 - -25 - (27 - (-1 - -2)))
-17
What is the value of -15 + (-2 - -5) + (-1 - (-3 - -5))?
-15
What is -2 + -1 + 14 + (-4 - -3 - 4)?
6
What is (-14 + 14 - 9) + 12?
3
Calculate 10 - (12 + -8) - ((2 - 1) + 22).
-17
-279 - -296 - (2 - 0)
15
Evaluate -1 + 6 - ((-9 - -15) + 3).
-4
What is 19 + -11 + (-1 - (-6 + 2)) + 2?
13
19 + -3 + (4 - 23)
-3
Evaluate 2 + 2 - (139 - 131).
-4
Evaluate (4 - 15) + 22 - (9 + -2).
4
What is 4 + (-17 - (11 + -26)) + 1 + 4?
7
What is -4 + 20 + -1 + -4 - -11?
22
Calculate (3 - 1) + -4 + -1 + (2 - 1).
-2
Evaluate 3 + (-5 - (-6 + (-3 - -7)) - 5).
-5
What is the value of -10 - ((-6 - 11) + 21)?
-14
Calculate (-4 - -12) + (3 - 4) + -6.
1
What is 6 + 4 - (-8 - -14 - 6)?
10
Evaluate -61 + 110 + -69 + (-2 - (-1 - 0)).
-21
Evaluate 8 + (-26 - -9 - -3).
-6
What is the value of 18 + -12 + 9 + -5?
10
What is -10 + 3 + 9 + (-16 - -31 - 4)?
13
23 + -27 + 3 + 3
2
What is 4 - (5 + -22 + 22 + 0)?
-1
Calculate (5 + (-13 - -16) - (2 + -7)) + 4.
17
What is the value of -50 - -2 - (-79 + 51)?
-20
Evaluate (-8 - (-18 + -1 - -15)) + 0 + 12.
8
What is 0 - -11 - -1 - (134 + -57 + -85)?
20
What is -51 + 14 + 119 + -61?
21
Calculate -4 + (1 - 0 - -24) + (1 - 6).
16
(25 - (-28 - -65)) + -16
-28
(-7 - (-21 - -9 - -2)) + -7
-4
What is 3 - (0 - (-8 - (-8 - 3))) - 13?
-7
Evaluate 5 + (-6 + -2 - (-19 - 1)).
17
What is the value of (-12 - -85) + -75 + (-2 - -2) + 1?
-1
Calculate (-10 + 12 - 3) + 15.
14
Evaluate 39 - ((14 + -25 - -12) + 8).
30
Calculate (-2 + -3 - 28) + (-18 + 8 - -9).
-34
What is (4 - 16) + 9 - 8?
-11
Calculate -4 - 1 - (-8 + 18).
-15
What is -53 - (21 - 16 - 29)?
-29
4 + 8 + (24 - (15 - 8)) - 7
22
Evaluate -5 + (-6 - (14 - (-8 + 17)) - -9).
-7
What is the value of 0 - (-72 - -65 - (-1 + 0))?
6
What is the value of 9 - 2 - (-27 - -11 - -33)?
-10
Evaluate 6 + (3 - (-2 - -11)).
0
What is -6 - (-5 - (7 + -5)) - (-1 - -8)?
-6
(-22 - -11 - (8 + -12)) + 16
9
Calculate (1 - -20) + -340 + 342.
23
Calculate 1 - (24 + (-28 - -14)).
-9
Evaluate 4 + (15 - (9 - -15)).
-5
What is (13 - 15) + -16 - -15?
-3
(29 - -3 - 13) + -29
-10
Evaluate -10 + (-1 - 16 - -4) - -1.
-22
2 + (1 - 1) + -17 + 22
7
-31 + -10 - (-157 - -129)
-13
-12 - (16 + 12 + -23)
-17
What is the value of -46 - -45 - (0 + (1 - (0 - 0)))?
-2
Evaluate 15 + (9 + -30 - 15).
-21
20 - (20 - 10 - -38)
-28
-8 + ((-4 - -11) + -3 - (-22 - -33))
-15
What is 2 - (7 - (23 - 6) - -15)?
-3
-13 + 26 + (0 - 6) + 6
13
-26 - -27 - (10 - (-1 + -5))
-15
Calculate (1 - 